39. Calculate the greatest common factor of i and 14.
14
Let a(v) = -5*v + 3. Let i be a(-3). Let q(k) = 5*k - 42. Let f be q(-7). Let r = -74 - f. Calculate the highest common divisor of r and i.
3
Suppose 84 = 65*o - 23*o. Calculate the greatest common factor of 506 and o.
2
Let g(m) be the second derivative of -m**5/20 + 11*m**3/6 + 4*m**2 - 28*m. Let r be g(-4). Calculate the greatest common divisor of 4 and r.
4
Let t(y) = 26*y**2 + 51*y - 1. Let m be t(-2). Calculate the greatest common factor of 163 and m.
1
Let f = 30 - 4. Let w = 98 - f. Calculate the greatest common divisor of w and 18.
18
Let p = 31 + -51. Let i be ((-3)/(-2))/(1/(-2))*p. What is the highest common factor of 24 and i?
12
Suppose 23 - 116 = -3*d. Suppose 0 = -5*s + d - 6. Suppose 0*j = j - s. Calculate the greatest common divisor of 55 and j.
5
Let h be 2/4*44 + 3. Let d(q) = -q**2 + 7*q - 1. Let f be d(6). Calculate the greatest common factor of f and h.
5
Let x be (4/(-12)*10)/((-4)/(-12)). Let l be (-2)/x - 290/(-50). Calculate the greatest common factor of l and 27.
3
Let p be (-12)/24*(-1 - 1) - -7. What is the greatest common factor of p and 328?
8
Suppose 5*m - 3*x - 177 = -24, 161 = 5*m - x. Let z = 147 - m. Suppose 2*r - 406 = -4*s, 0*r = -s + 2*r + z. What is the greatest common divisor of s and 13?
13
Let o(s) = s**3 + s**2 + 3*s + 6. Let r be o(3). Let x = -35 + r. Calculate the greatest common divisor of x and 48.
16
Let t be 15 - 2*3*(-1)/(-2). Suppose -l + 2*l - 80 = 4*j, -j + 115 = 2*l. Calculate the highest common divisor of t and l.
12
Suppose -2*h + 141 = -9. Let x = 236 + -206. What is the greatest common divisor of x and h?
15
Let a be (-1)/(-1) - (-5 - -2). Suppose -2*k + 70 = v, 110 = -k + a*k - v. Suppose -3*x + k + 12 = 0. Calculate the highest common divisor of 24 and x.
8
Suppose 4*f = -0*f + 20. Let t(n) = -n**2 + 8*n + 7. Let j be t(f). Suppose -10*o + 990 = -o. Calculate the greatest common divisor of j and o.
22
Let c be (-432)/(-104) + (-4)/26. Suppose 142 = 3*u - 4*r, u + c*u - 228 = -2*r. Suppose 2*y - 34 = u. What is the greatest common divisor of y and 5?
5
Let t(o) = 2*o**3 + 164*o**2 + 476*o + 164. Let x be t(-79). Let u be (-10 - 2)*(-22)/6. Let k = 98 - u. What is the highest common factor of x and k?
6
Let f = -89 + 95. Let q be 1 - (-2 + (-3 - -7 - f)). Suppose 2*b + 5 = 7*b. Calculate the greatest common divisor of b and q.
1
Let p be (-1 - (-4)/8)*0/(-3). Suppose p = 2*k - d - 24, k - 12 = -d + 3*d. What is the highest common factor of k and 132?
12
Let c = 503 + -461. Calculate the greatest common factor of c and 672.
42
Let x(n) = n**2 - 4*n - 8. Let s be 5/(-4)*-1*8. Let m be x(s). Let g = 257 - 244. What is the greatest common factor of g and m?
13
Suppose 20*z + 16*z = 1620. What is the greatest common factor of 40 and z?
5
Let c(m) = -m**3 - 6*m**2 - 9*m - 9. Let q = 61 + -66. Let l be c(q). What is the greatest common divisor of 11 and l?
11
Suppose -17*q = -163 - 41. Calculate the greatest common factor of 1860 and q.
12
Let v = -25 + 10. Let x be 20/(-1)*v/10. Let o(i) = -2*i + 41. Let s be o(18). What is the greatest common divisor of x and s?
5
Suppose -3*a + s = -2*s - 3, -28 = -4*a - 4*s. Let g be a/((-4)/(4/(-1))). Suppose 23 = g*w - 3*w. Calculate the greatest common factor of 69 and w.
23
Suppose 0 = -5*p - 52 - 128. Let z be ((-3)/(-6))/((-6)/p). Suppose g + t - 6 = 2*t, -t = z*g - 38. Calculate the greatest common factor of g and 55.
11
Let w be (591/2)/((-24)/(-32)). Let r = -214 + w. Let b be (-363)/(-18) - (-2)/(-12). Calculate the greatest common divisor of r and b.
20
Let p = -997 + 1009. Let i(r) = -r**2 - r + 3. Let v be i(0). What is the highest common factor of p and v?
3
Let w be (2/(-3))/(-14*15/59535). What is the highest common divisor of w and 147?
21
Let o = -280 + 295. What is the highest common factor of o and 75?
15
Let p be 11 - (-5 + 1 + 5). Let q be (14/(-10))/((-1)/p). What is the highest common factor of 56 and q?
14
Let p(t) = t**3 + 11*t**2 + 22*t. Let y be p(-7). What is the highest common divisor of y and 1491?
21
Let j = -676 - -716. What is the highest common divisor of j and 620?
20
Let s(c) = 4*c**2 - 123*c - 123. Let a be s(32). Let h = 124 + -50. Calculate the greatest common factor of h and a.
37
Suppose -33*a + 35*a = 174. What is the highest common divisor of a and 6?
3
Let a(l) = l**3 - l + 4. Let w be a(0). Let c = -14 + 21. Let o = c + -5. Calculate the greatest common factor of o and w.
2
Let y(x) = 54*x - 411. Let n be y(8). What is the highest common divisor of 133 and n?
7
Let p(m) = -m**3 + 10*m**2 - 8*m + 12. Suppose 3*x - 2*x - 9 = 0. Let q be p(x). Let c be q/2 - 1/2. What is the greatest common factor of 40 and c?
10
Let d be (-7)/(7/2) + -1*33. Let w = -7 - d. Calculate the highest common divisor of w and 70.
14
Suppose 3*y - 9 + 11 = -2*u, -3*u - 2 = 5*y. Suppose -a - y = 4*w, -5*w = 17 + 8. What is the highest common factor of a and 126?
18
Suppose -5*d - 35 = 30. Let n(h) = -h**2 - 13*h + 12. Let r be n(d). What is the highest common divisor of r and 96?
12
Let i(t) = 10*t**2 + 4*t + 6. Let a be i(-2). Calculate the greatest common divisor of a and 2.
2
Let z(q) = q**2 - 10*q. Let h be z(11). Suppose r - h*r + 700 = 0. What is the greatest common factor of r and 7?
7
Let j = 156 - 88. Suppose 288 = 72*t - j*t. What is the highest common divisor of t and 8?
8
Let q be (-458)/(-10) + (-1)/(-5). Let f = -23 + q. Let j = -710 - -917. Calculate the highest common divisor of j and f.
23
Let h = -120 - -142. Let k = -6 + h. What is the highest common factor of 80 and k?
16
Let u(q) = 444*q**2 + 2*q - 4. Let x be u(1). What is the highest common divisor of x and 26?
26
Suppose -2*b = -0*b. Suppose -4*z + 5*o + 125 = b, -z - 4*o - 95 = -4*z. What is the highest common factor of 25 and z?
25
Suppose b + 408 - 417 = 0. What is the greatest common factor of b and 522?
9
Let k(a) = a**3 + 11*a**2 + 12*a + 3. Let c be k(-10). Let u = c - -21. What is the highest common factor of u and 44?
4
Let a(n) = -4*n**2 - 53*n - 15. Let v be a(-12). Calculate the greatest common factor of v and 60.
15
Let q = -30 - -144. What is the highest common divisor of q and 133?
19
Suppose -5*g + 3*p + 21 = 0, -p + 35 - 22 = 5*g. Suppose -3*s = -2*z + 18, 2*z + 4*s - s = 18. What is the greatest common factor of g and z?
3
Let f be (1 - 0)/(1/36). Let i = -30 + 65. Suppose -2*d = -13 - i. Calculate the greatest common divisor of f and d.
12
Let r(s) = s**3 - 16*s**2 + 25. Let d be r(16). What is the highest common factor of d and 20?
5
Let n be ((-874)/171)/((-5 - -2)/27). What is the greatest common divisor of n and 322?
46
Suppose -280 = 6*z - 11*z. What is the greatest common factor of z and 840?
56
Let m be 56/(-3*(-3)/45). Suppose 11*s - 7*s = m. What is the greatest common factor of 42 and s?
14
Let o(y) = -2*y**2 - 60*y + 21. Let b be o(-30). What is the greatest common factor of 378 and b?
21
Let f = -1081 + 1133. Calculate the greatest common divisor of 26 and f.
26
Let l(i) = -i**3 - 23*i**2 + 32*i + 25. Let s be l(-25). What is the highest common divisor of 100 and s?
25
Let j(z) = 5*z**2 + 4*z + 3. Let b be j(-1). Suppose 0 = 2*u - b*l - 202, -u - 301 = -4*u + 4*l. Calculate the highest common divisor of u and 11.
11
Suppose 5*k + p - 3 = 25, 0 = k - p - 8. Suppose 0 = -k*q + 65 + 115. What is the highest common divisor of 15 and q?
15
Suppose -5*i + 1698 = 4*z + 178, 1941 = 5*z - 4*i. Calculate the highest common divisor of 77 and z.
77
Let d be ((-30)/21)/(-5) - (-6046)/7. What is the greatest common factor of 18 and d?
18
Suppose 801 = 3*x + 3*n, 2*x - 5*n = 6*x - 1064. Suppose -6*p = -17 - x. What is the greatest common divisor of 36 and p?
12
Let n(g) = -g**2 + 8*g - 4. Let f be n(7). Suppose -f*d + 24 = -d. Let t be (18/(-5))/(1094/220 - 5). Calculate the highest common divisor of d and t.
12
Let a = -325 - -577. Calculate the greatest common factor of a and 28.
28
Let h be (-20)/3*9/(-12). What is the greatest common factor of h and 85?
5
Suppose 2*t = 7*t - 385. Let m = 90 - 35. Let v be (44/(-10))/((-22)/m). Calculate the highest common factor of t and v.
11
Suppose 0 = -3*l + 5*v + 4, 0 = 2*l - v - v - 4. Let f be ((-3)/6)/(l/(-12)). Let u(o) = -o + 2. Let p be u